ulate the highest common factor of a and x.
12
Let f be (27/(-6) - -2)*(-1 + -5). What is the greatest common factor of 120 and f?
15
Let v = -40 - -199. Let c = 267 - v. Calculate the highest common divisor of c and 27.
27
Let i be 284/18 - 2/(-9). Let j be 8/3*84/i. Let y = -49 - -70. What is the greatest common divisor of y and j?
7
Let g be ((-3)/(-4))/((-10)/7280*-13). Suppose -65 = -k + y, -248 = -3*k - k - 2*y. Calculate the highest common factor of g and k.
21
Let u be -5*4*-1 - 0. Suppose -4*p + 2*p = -u. Suppose 0 = -4*q + 2*q + 5*i, -p = -5*i. Calculate the greatest common factor of 5 and q.
5
Let a be (-15)/(-1)*(-78)/(-65). What is the greatest common divisor of 12 and a?
6
Suppose 19*y = 28*y - 144. Calculate the highest common divisor of 288 and y.
16
Suppose -6*v + 108 = -4*v + r, v - 63 = 4*r. Calculate the highest common factor of v and 20.
5
Let q be 1/(2/4) + 3. Suppose 0 = -q*o + 13 + 12. Let g(z) = -z**3 - 4*z**2 + 5. Let m be g(-4). Calculate the highest common divisor of m and o.
5
Let u be (4/(-6))/((-6)/18). Let o be 2/4*(-160)/(-4). Let m = o + -10. What is the greatest common factor of m and u?
2
Let h = -139 + 237. Calculate the highest common divisor of h and 882.
98
Let t be 2/4*(-106 + 676). Calculate the greatest common factor of t and 15.
15
Let z = 852 - 851. Let c be 1*2 + 0/(-1). Calculate the highest common factor of z and c.
1
Suppose -5*q - 9 = j - q, -4*j - 4*q - 72 = 0. Let h = 30 + j. What is the greatest common factor of h and 72?
9
Let j(x) = -2*x + 0*x - 4 + x + 3. Let t be j(-7). Let f = -10 - -34. What is the highest common divisor of f and t?
6
Suppose -v - 2*q + 784 = 0, v + 0*q - q - 796 = 0. Calculate the highest common factor of 18 and v.
18
Let a(p) = 7*p + 1. Let m be a(-10). Let z = -54 - m. Calculate the greatest common factor of z and 6.
3
Let g = 42 + -40. Suppose -4*h = g*q - 430, 0*q + 3*q - 535 = -5*h. What is the greatest common factor of h and 22?
22
Let w(c) = 6*c**3 + 221*c**2 - 38*c + 19. Let i be w(-37). Let o = 30 - 16. Calculate the greatest common factor of i and o.
14
Let i(b) = b**2 + 24*b - 19. Let p be i(-26). Calculate the greatest common factor of p and 132.
33
Let n(p) = -p**3 + 27*p**2 - 51*p + 130. Let i be n(25). Calculate the greatest common divisor of i and 60.
15
Let k = 93 + -114. Let o = k + 168. What is the greatest common factor of o and 42?
21
Suppose 0 = -4*w - 5*o + 406, -w = 4*o + 69 - 165. Calculate the greatest common divisor of w and 32.
8
Suppose -5*g - 5*q - 88 = 27, -5*g + 4*q - 142 = 0. Suppose -14*d - 3*d = -799. Let m = g + d. What is the highest common factor of 231 and m?
21
Suppose -6*t = t - 378. Calculate the highest common divisor of t and 6.
6
Suppose -8 + 4 = -2*y. Suppose -s + 3*c + 27 = 2*s, -24 = -y*s + 4*c. Calculate the highest common factor of s and 66.
6
Let d = 588 - 572. Calculate the greatest common factor of 264 and d.
8
Suppose 5 = 2*h - 3. Suppose h*l - 7*l = 0. Suppose -5*p + 32 + 48 = l. What is the highest common factor of p and 8?
8
Suppose 3*t = t - 14. Let u be (-2)/t - (-3750)/105. What is the highest common divisor of 9 and u?
9
Let t(h) = 25*h**2 - 2*h - 1. Let r be t(-1). Suppose -3*q + q = -r. Suppose 2*z - 47 - q = 0. What is the highest common factor of 75 and z?
15
Suppose 0 = -y + 2*o + 16, -2*y + 12*o + 44 = 14*o. Calculate the greatest common factor of y and 60.
20
Let l = -18 + 22. Let k be (-2072)/(-32) + 1/l + -2. Calculate the greatest common divisor of 9 and k.
9
Suppose z + 5*v = 174 + 31, 5*v + 440 = 2*z. Calculate the greatest common factor of 5 and z.
5
Let k be (1/(-3))/((-2)/30). Suppose -184 = -5*x - 4*g, 73 = -4*x - k*g + 222. Calculate the highest common factor of 8 and x.
4
Let j(l) = -3*l + 3. Let x(d) = -d**2 - d. Let v(f) = j(f) - x(f). Let o be v(2). Suppose 0 = 2*z + o*z - 350. Calculate the highest common divisor of 10 and z.
10
Let g be (20 - 0)/(4/2). Let z(d) = 10*d + g*d + 21 - 21. Let w be z(2). What is the highest common factor of 10 and w?
10
Let o be ((-4)/(-18) + 13/(-18))*-34. Calculate the highest common divisor of 527 and o.
17
Let r be 276/(-14)*(-16)/48*21. Calculate the greatest common divisor of r and 24.
6
Let k(y) = -y - 12. Let p be k(16). Let v = p + 33. Suppose 64 = v*l + 9. What is the highest common factor of l and 99?
11
Let g(p) = p**3 - 14*p**2 - 19*p - 58. Let m be g(16). What is the highest common factor of m and 825?
75
Let h = -133 - -147. What is the greatest common divisor of 112 and h?
14
Let h = -16 - -20. Suppose -h*d + 13 = 1. Suppose 2*t = -d + 11. Calculate the highest common factor of 4 and t.
4
Let i be 4/(-6) + (1470/18 - -7). What is the highest common divisor of i and 33?
11
Let p = 230 - 144. Suppose -3*x - 20 + p = 0. Calculate the greatest common divisor of 2 and x.
2
Let j be 76 - -131 - 3/6*6. Calculate the greatest common factor of 192 and j.
12
Suppose -150 = -7*z + 2*z. Let d be (1/3)/(11/165). Suppose d*x + 15 = 0, -4*f + 48 = 3*x + x. Calculate the greatest common factor of z and f.
15
Suppose 5*b = -3*x + 4595, 2*x = -2*b + 1251 + 1811. Calculate the highest common divisor of 18 and x.
18
Suppose 0 = -2*r + 3*i + 24, -4*i = -i. Let s = 26 - r. What is the highest common divisor of s and 70?
14
Let a(p) = p**2 + 3*p + 6. Let o be a(-5). Let n be (-11 + 3)*(-2 + (2 - 2)). What is the greatest common divisor of n and o?
16
Let p be (-387)/(-7) + 40/(-140). What is the greatest common divisor of p and 22?
11
Let t(y) = y**2 - 18*y + 54. Let h be t(15). Let j(z) = -3*z - 3. Let x be j(-4). What is the highest common factor of h and x?
9
Let j = 0 + 6. Suppose -35 = 3*p - 8*p. Suppose 0 = -3*n + 79 - p. Calculate the greatest common factor of n and j.
6
Let l = 143 - -66. Suppose 36 = 2*s + z, -4*s + 0*z + 86 = -5*z. What is the highest common divisor of s and l?
19
Let n be 3 + -3*(6 - 7) + 1690. Calculate the highest common divisor of n and 32.
32
Let j = 16 + -12. Suppose -210 = -3*g - j*g. Calculate the highest common divisor of 75 and g.
15
Let p be ((-36)/(-14))/(96/448). Let c be (24/(-10))/(1/(-5)). Calculate the greatest common divisor of p and c.
12
Suppose 0 = 4*c + 2*d - 0*d - 500, -628 = -5*c - d. What is the highest common factor of c and 238?
14
Let l be 26*(-4 + (0 - 1 - -4)). Let f = 10 - l. Calculate the greatest common divisor of f and 4.
4
Let j(a) = 17*a + 8. Let h be j(-3). Let b = 59 + h. What is the greatest common factor of 4 and b?
4
Let k be (-16)/(-56) + (-858)/14. Let t = k + 95. Calculate the greatest common factor of t and 34.
34
Let m(c) = -c**2 - c + 59. Let j be m(-8). Calculate the highest common factor of 9 and j.
3
Let j be (2/5)/((-6)/60). Let p be (-4 - (-3 + j)) + 2. Calculate the highest common factor of p and 55.
5
Suppose -52*g = 3*x - 50*g - 688, -3*x = -g - 682. Calculate the greatest common divisor of x and 1026.
114
Suppose 7*h - 120 = h. Let k = 8 + h. Calculate the highest common divisor of k and 98.
14
Let a(t) = -31*t**3 + 16*t**2 + 19*t + 3. Let h be a(-1). What is the greatest common factor of h and 3193?
31
Let a(p) = -p**3 + 15*p**2 - 2*p + 13. Let l be a(13). What is the highest common factor of l and 25?
25
Suppose -66 = -2*g + 2*t - 20, -125 = -5*g - 5*t. Calculate the highest common divisor of 3 and g.
3
Let y(z) = 12*z**2 + 2*z - 112. Let f be y(-10). What is the highest common divisor of 12 and f?
12
Suppose 0 = -6*w - 0 + 18. Let i(y) = 7*y - 14. Let d be i(w). Calculate the highest common divisor of d and 7.
7
Suppose 6*x - 2*x = 4*c + 32, 0 = -2*x - 4*c + 22. Let a be 20/(-90) + 92/x. Let b be (2 - 2) + 5 + 0. Calculate the greatest common factor of b and a.
5
Let i(m) = m**2 - 4*m + 56. Let a be i(8). Calculate the highest common divisor of a and 11.
11
Let m be (6 - (-95)/(-15))/(1/(-15)). Let j be (0 - -3)/(1/m). Calculate the greatest common factor of j and 3.
3
Suppose 5*x - 40 - 60 = 0. Let r be 44/(-11) + 31 + 3. What is the highest common factor of x and r?
10
Let j = -1 - 1. Let y be 11 - (1 + j)*1. Let p be 298/8 - y/48. Calculate the highest common divisor of 37 and p.
37
Let d(n) = n + 7. Let v be d(-14). Let o be (-2)/7 - 72/v. Calculate the highest common factor of o and 35.
5
Suppose -3*h + 4 = -4*j - 5*h, -5*j + 5*h = -25. Let w be j/(4/(187 - 3)). Calcula